296
Calculate the remainder when 68113 is divided by 1703.
1696
Calculate the remainder when 39611 is divided by 353.
75
What is the remainder when 3360057 is divided by 18?
15
Calculate the remainder when 372958 is divided by 168.
166
What is the remainder when 5676 is divided by 227?
1
What is the remainder when 798285 is divided by 399134?
17
Calculate the remainder when 3366 is divided by 272.
102
Calculate the remainder when 1752 is divided by 305.
227
What is the remainder when 2553 is divided by 534?
417
What is the remainder when 646 is divided by 98?
58
Calculate the remainder when 54161 is divided by 3610.
11
What is the remainder when 2558099 is divided by 300?
299
What is the remainder when 1897 is divided by 261?
70
What is the remainder when 24460 is divided by 416?
332
Calculate the remainder when 11588 is divided by 56.
52
What is the remainder when 2075776 is divided by 1689?
1684
What is the remainder when 47201 is divided by 441?
14
What is the remainder when 868879 is divided by 31031?
11
Calculate the remainder when 113091 is divided by 22615.
16
What is the remainder when 56326 is divided by 2807?
186
What is the remainder when 6751 is divided by 612?
19
What is the remainder when 836 is divided by 213?
197
Calculate the remainder when 45127 is divided by 264.
247
What is the remainder when 2362 is divided by 340?
322
Calculate the remainder when 200023 is divided by 633.
628
What is the remainder when 6920620 is divided by 6?
4
What is the remainder when 7238 is divided by 365?
303
Calculate the remainder when 49772 is divided by 16568.
68
What is the remainder when 20199 is divided by 2885?
4
Calculate the remainder when 30522 is divided by 1.
0
Calculate the remainder when 682223 is divided by 25.
23
Calculate the remainder when 26967 is divided by 2451.
6
What is the remainder when 1869 is divided by 1784?
85
Calculate the remainder when 41783 is divided by 627.
401
Calculate the remainder when 6562 is divided by 6531.
31
What is the remainder when 39333 is divided by 1512?
21
What is the remainder when 24374 is divided by 4060?
14
What is the remainder when 220830 is divided by 63?
15
Calculate the remainder when 926 is divided by 475.
451
Calculate the remainder when 1201 is divided by 1126.
75
Calculate the remainder when 3420 is divided by 118.
116
What is the remainder when 3254 is divided by 1560?
134
Calculate the remainder when 65641 is divided by 2051.
9
What is the remainder when 14143 is divided by 4711?
10
What is the remainder when 45491 is divided by 21?
5
Calculate the remainder when 1823255 is divided by 138.
137
Calculate the remainder when 7670 is divided by 21.
5
Calculate the remainder when 89227 is divided by 44.
39
Calculate the remainder when 72924 is divided by 36460.
4
Calculate the remainder when 15169 is divided by 2115.
364
Calculate the remainder when 5341182 is divided by 15.
12
Calculate the remainder when 87999 is divided by 209.
10
What is the remainder when 298132 is divided by 315?
142
Calculate the remainder when 4053 is divided by 1351.
0
What is the remainder when 102786 is divided by 227?
182
What is the remainder when 3679 is divided by 463?
438
Calculate the remainder when 46805 is divided by 76.
65
What is the remainder when 299736 is divided by 18733?
8
What is the remainder when 120980 is divided by 108?
20
What is the remainder when 8586 is divided by 151?
130
What is the remainder when 141896 is divided by 7094?
16
Calculate the remainder when 12673 is divided by 204.
25
What is the remainder when 5788 is divided by 2737?
314
Calculate the remainder when 104465 is divided by 353.
330
Calculate the remainder when 160672 is divided by 40166.
8
What is the remainder when 4156 is divided by 61?
8
Calculate the remainder when 25787 is divided by 8594.
5
Calculate the remainder when 13603 is divided by 716.
715
What is the remainder when 94427 is divided by 118?
27
Calculate the remainder when 1652 is divided by 390.
92
What is the remainder when 646756 is divided by 26948?
4
Calculate the remainder when 64123 is divided by 164.
163
What is the remainder when 7079 is divided by 3443?
193
What is the remainder when 3299 is divided by 258?
203
What is the remainder when 2549790 is divided by 849925?
15
Calculate the remainder when 135283 is divided by 262.
91
Calculate the remainder when 39828 is divided by 321.
24
What is the remainder when 7005 is divided by 49?
47
Calculate the remainder when 13884 is divided by 20.
4
Calculate the remainder when 5757 is divided by 1026.
627
Calculate the remainder when 89152 is divided by 1415.
7
Calculate the remainder when 8162 is divided by 131.
40
Calculate the remainder when 579390 is divided by 193123.
21
What is the remainder when 171 is divided by 78?
15
What is the remainder when 119269 is divided by 579?
574
What is the remainder when 18447 is divided by 246?
243
What is the remainder when 5568417 is divided by 398?
397
What is the remainder when 3987 is divided by 197?
47
Calculate the remainder when 5043 is divided by 313.
35
What is the remainder when 4164 is divided by 14?
6
Calculate the remainder when 55475 is divided by 603.
602
Calculate the remainder when 29896 is divided by 303.
202
Calculate the remainder when 1294 is divided by 130.
124
Calculate the remainder when 1274416 is divided by 34.
28
Calculate the remainder when 4354 is divided by 862.
44
Calculate the remainder when 16911 is divided by 269.
233
Calculate the remainder when 544946 is divided by 346.
342
What is the remainder when 870 is divided by 55?
45
What is the remainder when 5977 is divided by 26?
23
Calculate the remainder when 944962 is divided by 18.
16
What is the remainder when 4409 is divided by 260?
249
Calculate the remainder when 25972 is divided by 419.
413
What is the remainder when 4007 is divided by 1058?
833
What is the remainder when 730 is divided by 144?
10
Calculate the remainder when 111955 is divided by 52.
51
Calculate the remainder when 8144 is divided by 255.
239
Calculate the remainder when 1415473 is divided by 19.
11
Calculate the remainder when 261707 is divided by 386.
385
What is the remainder when 8607 is divided by 101?
22
Calculate the remainder when 691898 is divided by 81.
77
Calculate the remainder when 82010 is divided by 68.
2
What is the remainder when 4813 is divided by 151?
132
What is the remainder when 56665 is divided by 9436?
49
Calculate the remainder when 336 is divided by 313.
23
What is the remainder when 12889 is divided by 6429?
31
Calculate the remainder when 967 is divided by 221.
83
What is the remainder when 24493 is divided by 350?
343
Calculate the remainder when 463142 is divided by 44.
42
What is the remainder when 9151 is divided by 2286?
7
Calculate the remainder when 21793 is divided by 2722.
17
Calculate the remainder when 2539 is divided by 252.
19
Calculate the remainder when 300695 is divided by 44.
43
Calculate the remainder when 18560 is divided by 40.
0
Calculate the remainder when 2679 is divided by 2647.
32
What is the remainder when 110491 is divided by 245?
241
What is the remainder when 3816 is divided by 57?
54
What is the remainder when 7254 is divided by 1962?
1368
Calculate the remainder when 437437 is divided by 64.
61
Calculate the remainder when 45926 is divided by 22960.
6
Calculate the remainder when 12217 is divided by 13.
10
What is the remainder when 341871 is divided by 259?
250
Calculate the remainder when 53336 is divided by 4.
0
Calculate the remainder when 9029 is divided by 129.
128
What is the remainder when 910 is divided by 208?
78
Calculate the remainder when 50169 is divided by 64.
57
Calculate the remainder when 17096 is divided by 107.
83
What is the remainder when 34537 is divided by 87?
85
Calculate the remainder when 115061 is divided by 57511.
39
Calculate the remainder when 129961 is divided by 1511.
15
What is the remainder when 628791 is divided by 106?
105
What is the remainder when 18188 is divided by 100?
88
Calculate the remainder when 357713 is divided by 21.
20
Calculate the remainder when 19061 is divided by 19046.
15
Calculate the remainder when 20004 is divided by 57.
54
Calculate the remainder when 98100 is divided by 545.
0
Calculate the